[INFO] fetching crate sbz-switch 4.1.0...
[INFO] checking sbz-switch-4.1.0 against master#e6e4f7ed1589e03bc2f6c5931c1a72e7947e8682 for beta-170-4
[INFO] extracting crate sbz-switch 4.1.0 into /workspace/builds/worker-0-tc2/source
[INFO] validating manifest of crates.io crate sbz-switch 4.1.0 on toolchain e6e4f7ed1589e03bc2f6c5931c1a72e7947e8682
[INFO] running `Command { std: CARGO_HOME="/workspace/cargo-home" RUSTUP_HOME="/workspace/rustup-home" "/workspace/cargo-home/bin/cargo" "+e6e4f7ed1589e03bc2f6c5931c1a72e7947e8682" "metadata" "--manifest-path" "Cargo.toml" "--no-deps", kill_on_drop: false }`
[INFO] removed /workspace/builds/worker-0-tc2/source/.cargo/config
[INFO] started tweaking crates.io crate sbz-switch 4.1.0
[INFO] finished tweaking crates.io crate sbz-switch 4.1.0
[INFO] tweaked toml for crates.io crate sbz-switch 4.1.0 written to /workspace/builds/worker-0-tc2/source/Cargo.toml
[INFO] crate crates.io crate sbz-switch 4.1.0 already has a lockfile, it will not be regenerated
[INFO] running `Command { std: CARGO_HOME="/workspace/cargo-home" RUSTUP_HOME="/workspace/rustup-home" "/workspace/cargo-home/bin/cargo" "+e6e4f7ed1589e03bc2f6c5931c1a72e7947e8682" "fetch" "--manifest-path" "Cargo.toml", kill_on_drop: false }`
[INFO] running `Command { std: "docker" "create" "-v" "/var/lib/crater-agent-workspace/builds/worker-0-tc2/target:/opt/rustwide/target:rw,Z" "-v" "/var/lib/crater-agent-workspace/builds/worker-0-tc2/source:/opt/rustwide/workdir:ro,Z" "-v" "/var/lib/crater-agent-workspace/cargo-home:/opt/rustwide/cargo-home:ro,Z" "-v" "/var/lib/crater-agent-workspace/rustup-home:/opt/rustwide/rustup-home:ro,Z" "-e" "SOURCE_DIR=/opt/rustwide/workdir" "-e" "CARGO_TARGET_DIR=/opt/rustwide/target" "-e" "CARGO_HOME=/opt/rustwide/cargo-home" "-e" "RUSTUP_HOME=/opt/rustwide/rustup-home" "-w" "/opt/rustwide/workdir" "-m" "1610612736" "--user" "0:0" "--network" "none" "ghcr.io/rust-lang/crates-build-env/linux@sha256:19e73879b68f455e41552ea35293514db52ea292d993f571636dbffedb77a1ee" "/opt/rustwide/cargo-home/bin/cargo" "+e6e4f7ed1589e03bc2f6c5931c1a72e7947e8682" "metadata" "--no-deps" "--format-version=1", kill_on_drop: false }`
[INFO] [stdout] e35fedaaa88c3bf4871b53f44933462b82c6f7cfa047bf9a6d3c1064632b648c
[INFO] running `Command { std: "docker" "start" "-a" "e35fedaaa88c3bf4871b53f44933462b82c6f7cfa047bf9a6d3c1064632b648c", kill_on_drop: false }`
[INFO] running `Command { std: "docker" "inspect" "e35fedaaa88c3bf4871b53f44933462b82c6f7cfa047bf9a6d3c1064632b648c", kill_on_drop: false }`
[INFO] running `Command { std: "docker" "rm" "-f" "e35fedaaa88c3bf4871b53f44933462b82c6f7cfa047bf9a6d3c1064632b648c", kill_on_drop: false }`
[INFO] [stdout] e35fedaaa88c3bf4871b53f44933462b82c6f7cfa047bf9a6d3c1064632b648c
[INFO] running `Command { std: "docker" "create" "-v" "/var/lib/crater-agent-workspace/builds/worker-0-tc2/target:/opt/rustwide/target:rw,Z" "-v" "/var/lib/crater-agent-workspace/builds/worker-0-tc2/source:/opt/rustwide/workdir:ro,Z" "-v" "/var/lib/crater-agent-workspace/cargo-home:/opt/rustwide/cargo-home:ro,Z" "-v" "/var/lib/crater-agent-workspace/rustup-home:/opt/rustwide/rustup-home:ro,Z" "-e" "SOURCE_DIR=/opt/rustwide/workdir" "-e" "CARGO_TARGET_DIR=/opt/rustwide/target" "-e" "CARGO_INCREMENTAL=0" "-e" "RUST_BACKTRACE=full" "-e" "RUSTFLAGS=--cap-lints=forbid" "-e" "RUSTDOCFLAGS=--cap-lints=forbid" "-e" "CARGO_HOME=/opt/rustwide/cargo-home" "-e" "RUSTUP_HOME=/opt/rustwide/rustup-home" "-w" "/opt/rustwide/workdir" "-m" "1610612736" "--user" "0:0" "--network" "none" "ghcr.io/rust-lang/crates-build-env/linux@sha256:19e73879b68f455e41552ea35293514db52ea292d993f571636dbffedb77a1ee" "/opt/rustwide/cargo-home/bin/cargo" "+e6e4f7ed1589e03bc2f6c5931c1a72e7947e8682" "check" "--frozen" "--all" "--all-targets" "--message-format=json", kill_on_drop: false }`
[INFO] [stdout] 0a81424db99538fc4ada2965de3ec79243293c28ba37774c2943b1a45bceb5eb
[INFO] running `Command { std: "docker" "start" "-a" "0a81424db99538fc4ada2965de3ec79243293c28ba37774c2943b1a45bceb5eb", kill_on_drop: false }`
[INFO] [stderr]    Compiling proc-macro2 v1.0.38
[INFO] [stderr]    Compiling syn v1.0.92
[INFO] [stderr]    Compiling libc v0.2.125
[INFO] [stderr]    Compiling slog v2.7.0
[INFO] [stderr]    Compiling futures-core v0.3.21
[INFO] [stderr]    Compiling futures-channel v0.3.21
[INFO] [stderr]    Compiling crossbeam-utils v0.8.8
[INFO] [stderr]    Compiling futures-util v0.3.21
[INFO] [stderr]     Checking futures-sink v0.3.21
[INFO] [stderr]     Checking thread_local v1.1.4
[INFO] [stderr]    Compiling indexmap v1.8.1
[INFO] [stderr]     Checking slab v0.4.6
[INFO] [stderr]     Checking regex-syntax v0.6.25
[INFO] [stderr]    Compiling slog-async v2.7.0
[INFO] [stderr]     Checking arc-swap v1.5.0
[INFO] [stderr]     Checking rle-decode-fast v1.0.3
[INFO] [stderr]     Checking libflate_lz77 v1.1.0
[INFO] [stderr]     Checking crossbeam-channel v0.5.4
[INFO] [stderr]     Checking slog-scope v4.4.0
[INFO] [stderr]     Checking linked-hash-map v0.5.4
[INFO] [stderr]     Checking take_mut v0.2.2
[INFO] [stderr]    Compiling winapi v0.3.9
[INFO] [stderr]     Checking libflate v1.2.0
[INFO] [stderr]     Checking yaml-rust v0.4.5
[INFO] [stderr]    Compiling quote v1.0.18
[INFO] [stderr]     Checking dirs-sys-next v0.1.2
[INFO] [stderr]     Checking dirs-next v2.0.0
[INFO] [stderr]     Checking atty v0.2.14
[INFO] [stderr]     Checking term v0.7.0
[INFO] [stderr]     Checking time v0.3.9
[INFO] [stderr]     Checking time v0.1.43
[INFO] [stderr]     Checking slog-stdlog v4.1.1
[INFO] [stderr]     Checking clap v2.34.0
[INFO] [stderr]     Checking chrono v0.4.19
[INFO] [stderr]     Checking slog-term v2.9.0
[INFO] [stderr]     Checking regex v1.5.5
[INFO] [stderr]     Checking slog-kvfilter v0.7.0
[INFO] [stderr]    Compiling serde_derive v1.0.137
[INFO] [stderr]    Compiling futures-macro v0.3.21
[INFO] [stderr]    Compiling trackable_derive v1.0.0
[INFO] [stderr]     Checking trackable v1.2.0
[INFO] [stderr]     Checking serde v1.0.137
[INFO] [stderr]     Checking futures-executor v0.3.21
[INFO] [stderr]     Checking futures v0.3.21
[INFO] [stderr]     Checking sloggers v1.0.1
[INFO] [stderr]     Checking serde_yaml v0.8.24
[INFO] [stderr]     Checking toml v0.5.9
[INFO] [stderr]     Checking serde_json v1.0.81
[INFO] [stderr]     Checking sbz-switch v4.1.0 (/opt/rustwide/workdir)
[INFO] [stdout] error: argument must be a string literal
[INFO] [stdout]   --> src/lib.rs:49:16
[INFO] [stdout]    |
[INFO] [stdout] 49 |   compile_error!("This crate must be built for x86 for compatibility with sound drivers." +
[INFO] [stdout]    |  ________________^
[INFO] [stdout] 50 | |     "(build for i686-pc-windows-msvc or suppress this error using feature ctsndcr_ignore_arch)");
[INFO] [stdout]    | |_______________________________________________________________________________________________^
[INFO] [stdout] 
[INFO] [stdout] 
[INFO] [stdout] error: argument must be a string literal
[INFO] [stdout]   --> src/lib.rs:49:16
[INFO] [stdout]    |
[INFO] [stdout] 49 |   compile_error!("This crate must be built for x86 for compatibility with sound drivers." +
[INFO] [stdout]    |  ________________^
[INFO] [stdout] 50 | |     "(build for i686-pc-windows-msvc or suppress this error using feature ctsndcr_ignore_arch)");
[INFO] [stdout]    | |_______________________________________________________________________________________________^
[INFO] [stdout] 
[INFO] [stdout] 
[INFO] [stdout] error[E0433]: failed to resolve: could not find `um` in `winapi`
[INFO] [stdout]  --> src/com/event.rs:9:13
[INFO] [stdout]   |
[INFO] [stdout] 9 | use winapi::um::combaseapi::{CoWaitForMultipleObjects, CWMO_DISPATCH_CALLS};
[INFO] [stdout]   |             ^^ could not find `um` in `winapi`
[INFO] [stdout] 
[INFO] [stdout] 
[INFO] [stdout] error[E0433]: failed to resolve: could not find `um` in `winapi`
[INFO] [stdout]   --> src/com/event.rs:10:13
[INFO] [stdout]    |
[INFO] [stdout] 10 | use winapi::um::handleapi::CloseHandle;
[INFO] [stdout]    |             ^^ could not find `um` in `winapi`
[INFO] [stdout] 
[INFO] [stdout] 
[INFO] [stdout] error[E0433]: failed to resolve: could not find `um` in `winapi`
[INFO] [stdout]   --> src/com/event.rs:11:13
[INFO] [stdout]    |
[INFO] [stdout] 11 | use winapi::um::synchapi::{CreateEventW, SetEvent};
[INFO] [stdout]    |             ^^ could not find `um` in `winapi`
[INFO] [stdout] 
[INFO] [stdout] 
[INFO] [stdout] error[E0433]: failed to resolve: could not find `um` in `winapi`
[INFO] [stdout]   --> src/com/event.rs:12:13
[INFO] [stdout]    |
[INFO] [stdout] 12 | use winapi::um::winbase::INFINITE;
[INFO] [stdout]    |             ^^ could not find `um` in `winapi`
[INFO] [stdout] 
[INFO] [stdout] 
[INFO] [stdout] error[E0433]: failed to resolve: could not find `um` in `winapi`
[INFO] [stdout]   --> src/com/event.rs:13:13
[INFO] [stdout]    |
[INFO] [stdout] 13 | use winapi::um::winnt::HANDLE;
[INFO] [stdout]    |             ^^ could not find `um` in `winapi`
[INFO] [stdout] 
[INFO] [stdout] 
[INFO] [stdout] error[E0433]: failed to resolve: could not find `um` in `winapi`
[INFO] [stdout]  --> src/com/event.rs:9:13
[INFO] [stdout]   |
[INFO] [stdout] 9 | use winapi::um::combaseapi::{CoWaitForMultipleObjects, CWMO_DISPATCH_CALLS};
[INFO] [stdout]   |             ^^ could not find `um` in `winapi`
[INFO] [stdout] 
[INFO] [stdout] 
[INFO] [stdout] error[E0433]: failed to resolve: could not find `um` in `winapi`
[INFO] [stdout]  --> src/com/mod.rs:7:13
[INFO] [stdout]   |
[INFO] [stdout] 7 | use winapi::um::combaseapi::{CoInitializeEx, CoUninitialize};
[INFO] [stdout]   |             ^^ could not find `um` in `winapi`
[INFO] [stdout] 
[INFO] [stdout] 
[INFO] [stdout] error[E0433]: failed to resolve: could not find `um` in `winapi`
[INFO] [stdout]  --> src/com/mod.rs:8:13
[INFO] [stdout]   |
[INFO] [stdout] 8 | use winapi::um::objbase::COINIT_APARTMENTTHREADED;
[INFO] [stdout]   |             ^^ could not find `um` in `winapi`
[INFO] [stdout] 
[INFO] [stdout] 
[INFO] [stdout] error[E0433]: failed to resolve: could not find `um` in `winapi`
[INFO] [stdout]  --> src/com/mod.rs:9:13
[INFO] [stdout]   |
[INFO] [stdout] 9 | use winapi::um::unknwnbase::IUnknown;
[INFO] [stdout]   |             ^^ could not find `um` in `winapi`
[INFO] [stdout] 
[INFO] [stdout] 
[INFO] [stdout] error[E0433]: failed to resolve: could not find `um` in `winapi`
[INFO] [stdout]   --> src/com/event.rs:10:13
[INFO] [stdout]    |
[INFO] [stdout] 10 | use winapi::um::handleapi::CloseHandle;
[INFO] [stdout]    |             ^^ could not find `um` in `winapi`
[INFO] [stdout] 
[INFO] [stdout] 
[INFO] [stdout] error[E0433]: failed to resolve: could not find `um` in `winapi`
[INFO] [stdout]   --> src/com/event.rs:11:13
[INFO] [stdout]    |
[INFO] [stdout] 11 | use winapi::um::synchapi::{CreateEventW, SetEvent};
[INFO] [stdout]    |             ^^ could not find `um` in `winapi`
[INFO] [stdout] 
[INFO] [stdout] 
[INFO] [stdout] error[E0433]: failed to resolve: could not find `um` in `winapi`
[INFO] [stdout]   --> src/com/event.rs:12:13
[INFO] [stdout]    |
[INFO] [stdout] 12 | use winapi::um::winbase::INFINITE;
[INFO] [stdout]    |             ^^ could not find `um` in `winapi`
[INFO] [stdout] 
[INFO] [stdout] 
[INFO] [stdout] error[E0433]: failed to resolve: could not find `um` in `winapi`
[INFO] [stdout]   --> src/com/event.rs:13:13
[INFO] [stdout]    |
[INFO] [stdout] 13 | use winapi::um::winnt::HANDLE;
[INFO] [stdout]    |             ^^ could not find `um` in `winapi`
[INFO] [stdout] 
[INFO] [stdout] 
[INFO] [stdout] error[E0433]: failed to resolve: could not find `um` in `winapi`
[INFO] [stdout]  --> src/com/mod.rs:7:13
[INFO] [stdout]   |
[INFO] [stdout] 7 | use winapi::um::combaseapi::{CoInitializeEx, CoUninitialize};
[INFO] [stdout]   |             ^^ could not find `um` in `winapi`
[INFO] [stdout] 
[INFO] [stdout] 
[INFO] [stdout] error[E0433]: failed to resolve: could not find `um` in `winapi`
[INFO] [stdout]  --> src/com/mod.rs:8:13
[INFO] [stdout]   |
[INFO] [stdout] 8 | use winapi::um::objbase::COINIT_APARTMENTTHREADED;
[INFO] [stdout]   |             ^^ could not find `um` in `winapi`
[INFO] [stdout] 
[INFO] [stdout] 
[INFO] [stdout] error[E0433]: failed to resolve: could not find `um` in `winapi`
[INFO] [stdout]  --> src/com/mod.rs:9:13
[INFO] [stdout]   |
[INFO] [stdout] 9 | use winapi::um::unknwnbase::IUnknown;
[INFO] [stdout]   |             ^^ could not find `um` in `winapi`
[INFO] [stdout] 
[INFO] [stdout] 
[INFO] [stdout] error[E0433]: failed to resolve: could not find `shared` in `winapi`
[INFO] [stdout]   --> src/ctsndcr.rs:16:13
[INFO] [stdout]    |
[INFO] [stdout] 16 | use winapi::shared::guiddef::{IsEqualIID, REFIID};
[INFO] [stdout]    |             ^^^^^^ could not find `shared` in `winapi`
[INFO] [stdout] 
[INFO] [stdout] 
[INFO] [stdout] error[E0433]: failed to resolve: could not find `shared` in `winapi`
[INFO] [stdout]   --> src/ctsndcr.rs:17:13
[INFO] [stdout]    |
[INFO] [stdout] 17 | use winapi::shared::minwindef::ULONG;
[INFO] [stdout]    |             ^^^^^^ could not find `shared` in `winapi`
[INFO] [stdout] 
[INFO] [stdout] 
[INFO] [stdout] error[E0433]: failed to resolve: could not find `shared` in `winapi`
[INFO] [stdout]   --> src/ctsndcr.rs:18:13
[INFO] [stdout]    |
[INFO] [stdout] 18 | use winapi::shared::ntdef::HRESULT;
[INFO] [stdout]    |             ^^^^^^ could not find `shared` in `winapi`
[INFO] [stdout] 
[INFO] [stdout] 
[INFO] [stdout] error[E0433]: failed to resolve: could not find `shared` in `winapi`
[INFO] [stdout]   --> src/ctsndcr.rs:19:13
[INFO] [stdout]    |
[INFO] [stdout] 19 | use winapi::shared::winerror::{E_INVALIDARG, E_NOINTERFACE};
[INFO] [stdout]    |             ^^^^^^ could not find `shared` in `winapi`
[INFO] [stdout] 
[INFO] [stdout] 
[INFO] [stdout] error[E0433]: failed to resolve: could not find `shared` in `winapi`
[INFO] [stdout]   --> src/ctsndcr.rs:16:13
[INFO] [stdout]    |
[INFO] [stdout] 16 | use winapi::shared::guiddef::{IsEqualIID, REFIID};
[INFO] [stdout]    |             ^^^^^^ could not find `shared` in `winapi`
[INFO] [stdout] 
[INFO] [stdout] 
[INFO] [stdout] error[E0433]: failed to resolve: could not find `um` in `winapi`
[INFO] [stdout]   --> src/ctsndcr.rs:20:13
[INFO] [stdout]    |
[INFO] [stdout] 20 | use winapi::um::unknwnbase::{IUnknown, IUnknownVtbl};
[INFO] [stdout]    |             ^^ could not find `um` in `winapi`
[INFO] [stdout] 
[INFO] [stdout] 
[INFO] [stdout] error[E0433]: failed to resolve: could not find `shared` in `winapi`
[INFO] [stdout]   --> src/ctsndcr.rs:17:13
[INFO] [stdout]    |
[INFO] [stdout] 17 | use winapi::shared::minwindef::ULONG;
[INFO] [stdout]    |             ^^^^^^ could not find `shared` in `winapi`
[INFO] [stdout] 
[INFO] [stdout] 
[INFO] [stdout] error[E0433]: failed to resolve: could not find `shared` in `winapi`
[INFO] [stdout]   --> src/ctsndcr.rs:18:13
[INFO] [stdout]    |
[INFO] [stdout] 18 | use winapi::shared::ntdef::HRESULT;
[INFO] [stdout]    |             ^^^^^^ could not find `shared` in `winapi`
[INFO] [stdout] 
[INFO] [stdout] 
[INFO] [stdout] error[E0433]: failed to resolve: could not find `shared` in `winapi`
[INFO] [stdout]   --> src/ctsndcr.rs:19:13
[INFO] [stdout]    |
[INFO] [stdout] 19 | use winapi::shared::winerror::{E_INVALIDARG, E_NOINTERFACE};
[INFO] [stdout]    |             ^^^^^^ could not find `shared` in `winapi`
[INFO] [stdout] 
[INFO] [stdout] 
[INFO] [stdout] error[E0433]: failed to resolve: could not find `um` in `winapi`
[INFO] [stdout]   --> src/ctsndcr.rs:20:13
[INFO] [stdout]    |
[INFO] [stdout] 20 | use winapi::um::unknwnbase::{IUnknown, IUnknownVtbl};
[INFO] [stdout]    |             ^^ could not find `um` in `winapi`
[INFO] [stdout] 
[INFO] [stdout] 
[INFO] [stdout] error[E0432]: unresolved import `winapi::ctypes`
[INFO] [stdout]   --> src/ctsndcr.rs:15:13
[INFO] [stdout]    |
[INFO] [stdout] 15 | use winapi::ctypes::c_void;
[INFO] [stdout]    |             ^^^^^^ could not find `ctypes` in `winapi`
[INFO] [stdout] 
[INFO] [stdout] 
[INFO] [stdout] error[E0433]: failed to resolve: could not find `windows` in `os`
[INFO] [stdout]  --> src/hresult.rs:5:14
[INFO] [stdout]   |
[INFO] [stdout] 5 | use std::os::windows::ffi::OsStringExt;
[INFO] [stdout]   |              ^^^^^^^ could not find `windows` in `os`
[INFO] [stdout] 
[INFO] [stdout] 
[INFO] [stdout] error[E0433]: failed to resolve: could not find `shared` in `winapi`
[INFO] [stdout]  --> src/hresult.rs:9:13
[INFO] [stdout]   |
[INFO] [stdout] 9 | use winapi::shared::ntdef::HRESULT;
[INFO] [stdout]   |             ^^^^^^ could not find `shared` in `winapi`
[INFO] [stdout] 
[INFO] [stdout] 
[INFO] [stdout] error[E0433]: failed to resolve: could not find `shared` in `winapi`
[INFO] [stdout]   --> src/hresult.rs:10:13
[INFO] [stdout]    |
[INFO] [stdout] 10 | use winapi::shared::winerror::FACILITY_WIN32;
[INFO] [stdout]    |             ^^^^^^ could not find `shared` in `winapi`
[INFO] [stdout] 
[INFO] [stdout] 
[INFO] [stdout] error[E0433]: failed to resolve: could not find `um` in `winapi`
[INFO] [stdout]   --> src/hresult.rs:11:13
[INFO] [stdout]    |
[INFO] [stdout] 11 | use winapi::um::winbase::{
[INFO] [stdout]    |             ^^ could not find `um` in `winapi`
[INFO] [stdout] 
[INFO] [stdout] 
[INFO] [stdout] error[E0433]: failed to resolve: could not find `shared` in `winapi`
[INFO] [stdout]  --> src/media/event.rs:9:13
[INFO] [stdout]   |
[INFO] [stdout] 9 | use winapi::shared::guiddef::GUID;
[INFO] [stdout]   |             ^^^^^^ could not find `shared` in `winapi`
[INFO] [stdout] 
[INFO] [stdout] 
[INFO] [stdout] error[E0433]: failed to resolve: could not find `shared` in `winapi`
[INFO] [stdout]   --> src/media/event.rs:10:13
[INFO] [stdout]    |
[INFO] [stdout] 10 | use winapi::shared::winerror::E_ABORT;
[INFO] [stdout]    |             ^^^^^^ could not find `shared` in `winapi`
[INFO] [stdout] 
[INFO] [stdout] 
[INFO] [stdout] error[E0433]: failed to resolve: could not find `um` in `winapi`
[INFO] [stdout]   --> src/media/event.rs:11:13
[INFO] [stdout]    |
[INFO] [stdout] 11 | use winapi::um::endpointvolume::{IAudioEndpointVolume, IAudioEndpointVolumeCallback};
[INFO] [stdout]    |             ^^ could not find `um` in `winapi`
[INFO] [stdout] 
[INFO] [stdout] 
[INFO] [stdout] error[E0432]: unresolved import `winapi::ctypes`
[INFO] [stdout]   --> src/ctsndcr.rs:15:13
[INFO] [stdout]    |
[INFO] [stdout] 15 | use winapi::ctypes::c_void;
[INFO] [stdout]    |             ^^^^^^ could not find `ctypes` in `winapi`
[INFO] [stdout] 
[INFO] [stdout] 
[INFO] [stdout] error[E0433]: failed to resolve: could not find `windows` in `os`
[INFO] [stdout]   --> src/media/mod.rs:13:14
[INFO] [stdout]    |
[INFO] [stdout] 13 | use std::os::windows::ffi::{OsStrExt, OsStringExt};
[INFO] [stdout]    |              ^^^^^^^ could not find `windows` in `os`
[INFO] [stdout] 
[INFO] [stdout] 
[INFO] [stdout] error[E0433]: failed to resolve: could not find `windows` in `os`
[INFO] [stdout]  --> src/hresult.rs:5:14
[INFO] [stdout]   |
[INFO] [stdout] 5 | use std::os::windows::ffi::OsStringExt;
[INFO] [stdout]   |              ^^^^^^^ could not find `windows` in `os`
[INFO] [stdout] 
[INFO] [stdout] 
[INFO] [stdout] error[E0432]: unresolved import `winapi::Interface`
[INFO] [stdout]   --> src/ctsndcr.rs:21:5
[INFO] [stdout]    |
[INFO] [stdout] 21 | use winapi::Interface;
[INFO] [stdout]    |     ^^^^^^^^^^^^^^^^^ no `Interface` in the root
[INFO] [stdout] 
[INFO] [stdout] 
[INFO] [stdout] error[E0433]: failed to resolve: could not find `shared` in `winapi`
[INFO] [stdout]  --> src/hresult.rs:9:13
[INFO] [stdout]   |
[INFO] [stdout] 9 | use winapi::shared::ntdef::HRESULT;
[INFO] [stdout]   |             ^^^^^^ could not find `shared` in `winapi`
[INFO] [stdout] 
[INFO] [stdout] 
[INFO] [stdout] error[E0433]: failed to resolve: could not find `shared` in `winapi`
[INFO] [stdout]   --> src/media/mod.rs:21:13
[INFO] [stdout]    |
[INFO] [stdout] 21 | use winapi::shared::guiddef::GUID;
[INFO] [stdout]    |             ^^^^^^ could not find `shared` in `winapi`
[INFO] [stdout] 
[INFO] [stdout] 
[INFO] [stdout] error[E0433]: failed to resolve: could not find `shared` in `winapi`
[INFO] [stdout]   --> src/hresult.rs:10:13
[INFO] [stdout]    |
[INFO] [stdout] 10 | use winapi::shared::winerror::FACILITY_WIN32;
[INFO] [stdout]    |             ^^^^^^ could not find `shared` in `winapi`
[INFO] [stdout] 
[INFO] [stdout] 
[INFO] [stdout] error[E0433]: failed to resolve: could not find `um` in `winapi`
[INFO] [stdout]   --> src/hresult.rs:11:13
[INFO] [stdout]    |
[INFO] [stdout] 11 | use winapi::um::winbase::{
[INFO] [stdout]    |             ^^ could not find `um` in `winapi`
[INFO] [stdout] 
[INFO] [stdout] 
[INFO] [stdout] error[E0433]: failed to resolve: could not find `shared` in `winapi`
[INFO] [stdout]   --> src/media/mod.rs:22:13
[INFO] [stdout]    |
[INFO] [stdout] 22 | use winapi::shared::guiddef::{IsEqualIID, REFIID};
[INFO] [stdout]    |             ^^^^^^ could not find `shared` in `winapi`
[INFO] [stdout] 
[INFO] [stdout] 
[INFO] [stdout] error[E0433]: failed to resolve: could not find `shared` in `winapi`
[INFO] [stdout]   --> src/media/mod.rs:23:13
[INFO] [stdout]    |
[INFO] [stdout] 23 | use winapi::shared::minwindef::ULONG;
[INFO] [stdout]    |             ^^^^^^ could not find `shared` in `winapi`
[INFO] [stdout] 
[INFO] [stdout] 
[INFO] [stdout] error[E0433]: failed to resolve: could not find `shared` in `winapi`
[INFO] [stdout]  --> src/media/event.rs:9:13
[INFO] [stdout]   |
[INFO] [stdout] 9 | use winapi::shared::guiddef::GUID;
[INFO] [stdout]   |             ^^^^^^ could not find `shared` in `winapi`
[INFO] [stdout] 
[INFO] [stdout] 
[INFO] [stdout] error[E0433]: failed to resolve: could not find `shared` in `winapi`
[INFO] [stdout]   --> src/media/mod.rs:24:13
[INFO] [stdout]    |
[INFO] [stdout] 24 | use winapi::shared::ntdef::HRESULT;
[INFO] [stdout]    |             ^^^^^^ could not find `shared` in `winapi`
[INFO] [stdout] 
[INFO] [stdout] 
[INFO] [stdout] error[E0433]: failed to resolve: could not find `shared` in `winapi`
[INFO] [stdout]   --> src/media/event.rs:10:13
[INFO] [stdout]    |
[INFO] [stdout] 10 | use winapi::shared::winerror::E_ABORT;
[INFO] [stdout]    |             ^^^^^^ could not find `shared` in `winapi`
[INFO] [stdout] 
[INFO] [stdout] 
[INFO] [stdout] error[E0433]: failed to resolve: could not find `shared` in `winapi`
[INFO] [stdout]   --> src/media/mod.rs:25:13
[INFO] [stdout]    |
[INFO] [stdout] 25 | use winapi::shared::winerror::{E_INVALIDARG, E_NOINTERFACE};
[INFO] [stdout]    |             ^^^^^^ could not find `shared` in `winapi`
[INFO] [stdout] 
[INFO] [stdout] 
[INFO] [stdout] error[E0433]: failed to resolve: could not find `um` in `winapi`
[INFO] [stdout]   --> src/media/event.rs:11:13
[INFO] [stdout]    |
[INFO] [stdout] 11 | use winapi::um::endpointvolume::{IAudioEndpointVolume, IAudioEndpointVolumeCallback};
[INFO] [stdout]    |             ^^ could not find `um` in `winapi`
[INFO] [stdout] 
[INFO] [stdout] 
[INFO] [stdout] error[E0433]: failed to resolve: could not find `shared` in `winapi`
[INFO] [stdout]   --> src/media/mod.rs:26:13
[INFO] [stdout]    |
[INFO] [stdout] 26 | use winapi::shared::wtypes::{PROPERTYKEY, VARTYPE};
[INFO] [stdout]    |             ^^^^^^ could not find `shared` in `winapi`
[INFO] [stdout] 
[INFO] [stdout] 
[INFO] [stdout] error[E0433]: failed to resolve: could not find `windows` in `os`
[INFO] [stdout]   --> src/media/mod.rs:13:14
[INFO] [stdout]    |
[INFO] [stdout] 13 | use std::os::windows::ffi::{OsStrExt, OsStringExt};
[INFO] [stdout]    |              ^^^^^^^ could not find `windows` in `os`
[INFO] [stdout] 
[INFO] [stdout] 
[INFO] [stdout] error[E0433]: failed to resolve: could not find `um` in `winapi`
[INFO] [stdout]   --> src/media/mod.rs:27:13
[INFO] [stdout]    |
[INFO] [stdout] 27 | use winapi::um::combaseapi::CLSCTX_ALL;
[INFO] [stdout]    |             ^^ could not find `um` in `winapi`
[INFO] [stdout] 
[INFO] [stdout] 
[INFO] [stdout] error[E0432]: unresolved import `winapi::Interface`
[INFO] [stdout]   --> src/ctsndcr.rs:21:5
[INFO] [stdout]    |
[INFO] [stdout] 21 | use winapi::Interface;
[INFO] [stdout]    |     ^^^^^^^^^^^^^^^^^ no `Interface` in the root
[INFO] [stdout] 
[INFO] [stdout] 
[INFO] [stdout] error[E0433]: failed to resolve: could not find `um` in `winapi`
[INFO] [stdout]   --> src/media/mod.rs:28:13
[INFO] [stdout]    |
[INFO] [stdout] 28 | use winapi::um::combaseapi::{CoCreateInstance, CoTaskMemFree, PropVariantClear};
[INFO] [stdout]    |             ^^ could not find `um` in `winapi`
[INFO] [stdout] 
[INFO] [stdout] 
[INFO] [stdout] error[E0433]: failed to resolve: could not find `shared` in `winapi`
[INFO] [stdout]   --> src/media/mod.rs:21:13
[INFO] [stdout]    |
[INFO] [stdout] 21 | use winapi::shared::guiddef::GUID;
[INFO] [stdout]    |             ^^^^^^ could not find `shared` in `winapi`
[INFO] [stdout] 
[INFO] [stdout] 
[INFO] [stdout] error[E0433]: failed to resolve: could not find `shared` in `winapi`
[INFO] [stdout]   --> src/media/mod.rs:22:13
[INFO] [stdout]    |
[INFO] [stdout] 22 | use winapi::shared::guiddef::{IsEqualIID, REFIID};
[INFO] [stdout]    |             ^^^^^^ could not find `shared` in `winapi`
[INFO] [stdout] 
[INFO] [stdout] 
[INFO] [stdout] error[E0433]: failed to resolve: could not find `shared` in `winapi`
[INFO] [stdout]   --> src/media/mod.rs:23:13
[INFO] [stdout]    |
[INFO] [stdout] 23 | use winapi::shared::minwindef::ULONG;
[INFO] [stdout]    |             ^^^^^^ could not find `shared` in `winapi`
[INFO] [stdout] 
[INFO] [stdout] 
[INFO] [stdout] error[E0433]: failed to resolve: could not find `shared` in `winapi`
[INFO] [stdout]   --> src/media/mod.rs:24:13
[INFO] [stdout]    |
[INFO] [stdout] 24 | use winapi::shared::ntdef::HRESULT;
[INFO] [stdout]    |             ^^^^^^ could not find `shared` in `winapi`
[INFO] [stdout] 
[INFO] [stdout] 
[INFO] [stdout] error[E0433]: failed to resolve: could not find `shared` in `winapi`
[INFO] [stdout]   --> src/media/mod.rs:25:13
[INFO] [stdout]    |
[INFO] [stdout] 25 | use winapi::shared::winerror::{E_INVALIDARG, E_NOINTERFACE};
[INFO] [stdout]    |             ^^^^^^ could not find `shared` in `winapi`
[INFO] [stdout] 
[INFO] [stdout] 
[INFO] [stdout] error[E0433]: failed to resolve: could not find `shared` in `winapi`
[INFO] [stdout]   --> src/media/mod.rs:26:13
[INFO] [stdout]    |
[INFO] [stdout] 26 | use winapi::shared::wtypes::{PROPERTYKEY, VARTYPE};
[INFO] [stdout]    |             ^^^^^^ could not find `shared` in `winapi`
[INFO] [stdout] 
[INFO] [stdout] 
[INFO] [stdout] error[E0433]: failed to resolve: could not find `um` in `winapi`
[INFO] [stdout]   --> src/media/mod.rs:27:13
[INFO] [stdout]    |
[INFO] [stdout] 27 | use winapi::um::combaseapi::CLSCTX_ALL;
[INFO] [stdout]    |             ^^ could not find `um` in `winapi`
[INFO] [stdout] 
[INFO] [stdout] 
[INFO] [stdout] error[E0433]: failed to resolve: could not find `um` in `winapi`
[INFO] [stdout]   --> src/media/mod.rs:29:13
[INFO] [stdout]    |
[INFO] [stdout] 29 | use winapi::um::coml2api::STGM_READ;
[INFO] [stdout]    |             ^^ could not find `um` in `winapi`
[INFO] [stdout] 
[INFO] [stdout] 
[INFO] [stdout] error[E0433]: failed to resolve: could not find `um` in `winapi`
[INFO] [stdout]   --> src/media/mod.rs:28:13
[INFO] [stdout]    |
[INFO] [stdout] 28 | use winapi::um::combaseapi::{CoCreateInstance, CoTaskMemFree, PropVariantClear};
[INFO] [stdout]    |             ^^ could not find `um` in `winapi`
[INFO] [stdout] 
[INFO] [stdout] 
[INFO] [stdout] error[E0433]: failed to resolve: could not find `um` in `winapi`
[INFO] [stdout]   --> src/media/mod.rs:29:13
[INFO] [stdout]    |
[INFO] [stdout] 29 | use winapi::um::coml2api::STGM_READ;
[INFO] [stdout]    |             ^^ could not find `um` in `winapi`
[INFO] [stdout] 
[INFO] [stdout] 
[INFO] [stdout] error[E0433]: failed to resolve: could not find `um` in `winapi`
[INFO] [stdout]   --> src/media/mod.rs:30:13
[INFO] [stdout]    |
[INFO] [stdout] 30 | use winapi::um::endpointvolume::{
[INFO] [stdout]    |             ^^ could not find `um` in `winapi`
[INFO] [stdout] 
[INFO] [stdout] 
[INFO] [stdout] error[E0433]: failed to resolve: could not find `um` in `winapi`
[INFO] [stdout]   --> src/media/mod.rs:30:13
[INFO] [stdout]    |
[INFO] [stdout] 30 | use winapi::um::endpointvolume::{
[INFO] [stdout]    |             ^^ could not find `um` in `winapi`
[INFO] [stdout] 
[INFO] [stdout] 
[INFO] [stdout] error[E0433]: failed to resolve: could not find `um` in `winapi`
[INFO] [stdout]   --> src/media/mod.rs:34:13
[INFO] [stdout]    |
[INFO] [stdout] 34 | use winapi::um::mmdeviceapi::{
[INFO] [stdout]    |             ^^ could not find `um` in `winapi`
[INFO] [stdout] 
[INFO] [stdout] 
[INFO] [stdout] error[E0433]: failed to resolve: could not find `um` in `winapi`
[INFO] [stdout]   --> src/media/mod.rs:34:13
[INFO] [stdout]    |
[INFO] [stdout] 34 | use winapi::um::mmdeviceapi::{
[INFO] [stdout]    |             ^^ could not find `um` in `winapi`
[INFO] [stdout] 
[INFO] [stdout] 
[INFO] [stdout] error[E0433]: failed to resolve: could not find `um` in `winapi`
[INFO] [stdout]   --> src/media/mod.rs:38:13
[INFO] [stdout]    |
[INFO] [stdout] 38 | use winapi::um::propidl::PROPVARIANT;
[INFO] [stdout]    |             ^^ could not find `um` in `winapi`
[INFO] [stdout] 
[INFO] [stdout] 
[INFO] [stdout] error[E0433]: failed to resolve: could not find `um` in `winapi`
[INFO] [stdout]   --> src/media/mod.rs:39:13
[INFO] [stdout]    |
[INFO] [stdout] 39 | use winapi::um::propsys::IPropertyStore;
[INFO] [stdout]    |             ^^ could not find `um` in `winapi`
[INFO] [stdout] 
[INFO] [stdout] 
[INFO] [stdout] error[E0433]: failed to resolve: could not find `um` in `winapi`
[INFO] [stdout]   --> src/media/mod.rs:38:13
[INFO] [stdout]    |
[INFO] [stdout] 38 | use winapi::um::propidl::PROPVARIANT;
[INFO] [stdout]    |             ^^ could not find `um` in `winapi`
[INFO] [stdout] 
[INFO] [stdout] 
[INFO] [stdout] error[E0433]: failed to resolve: could not find `um` in `winapi`
[INFO] [stdout]   --> src/media/mod.rs:40:13
[INFO] [stdout]    |
[INFO] [stdout] 40 | use winapi::um::unknwnbase::{IUnknown, IUnknownVtbl};
[INFO] [stdout]    |             ^^ could not find `um` in `winapi`
[INFO] [stdout] 
[INFO] [stdout] 
[INFO] [stdout] error[E0433]: failed to resolve: could not find `um` in `winapi`
[INFO] [stdout]   --> src/media/mod.rs:39:13
[INFO] [stdout]    |
[INFO] [stdout] 39 | use winapi::um::propsys::IPropertyStore;
[INFO] [stdout]    |             ^^ could not find `um` in `winapi`
[INFO] [stdout] 
[INFO] [stdout] 
[INFO] [stdout] error[E0433]: failed to resolve: could not find `um` in `winapi`
[INFO] [stdout]   --> src/media/mod.rs:40:13
[INFO] [stdout]    |
[INFO] [stdout] 40 | use winapi::um::unknwnbase::{IUnknown, IUnknownVtbl};
[INFO] [stdout]    |             ^^ could not find `um` in `winapi`
[INFO] [stdout] 
[INFO] [stdout] 
[INFO] [stdout] error[E0432]: unresolved import `winapi::ctypes`
[INFO] [stdout]   --> src/media/mod.rs:20:13
[INFO] [stdout]    |
[INFO] [stdout] 20 | use winapi::ctypes::c_void;
[INFO] [stdout]    |             ^^^^^^ could not find `ctypes` in `winapi`
[INFO] [stdout] 
[INFO] [stdout] 
[INFO] [stdout] error[E0433]: failed to resolve: could not find `shared` in `winapi`
[INFO] [stdout]  --> src/soundcore/consts.rs:5:13
[INFO] [stdout]   |
[INFO] [stdout] 5 | use winapi::shared::wtypes::PROPERTYKEY;
[INFO] [stdout]   |             ^^^^^^ could not find `shared` in `winapi`
[INFO] [stdout] 
[INFO] [stdout] 
[INFO] [stdout] error[E0433]: failed to resolve: could not find `windows` in `os`
[INFO] [stdout]  --> src/soundcore/core.rs:3:14
[INFO] [stdout]   |
[INFO] [stdout] 3 | use std::os::windows::ffi::OsStrExt;
[INFO] [stdout]   |              ^^^^^^^ could not find `windows` in `os`
[INFO] [stdout] 
[INFO] [stdout] 
[INFO] [stdout] error[E0432]: unresolved import `winapi::ctypes`
[INFO] [stdout]   --> src/media/mod.rs:20:13
[INFO] [stdout]    |
[INFO] [stdout] 20 | use winapi::ctypes::c_void;
[INFO] [stdout]    |             ^^^^^^ could not find `ctypes` in `winapi`
[INFO] [stdout] 
[INFO] [stdout] 
[INFO] [stdout] error[E0433]: failed to resolve: could not find `shared` in `winapi`
[INFO] [stdout]  --> src/soundcore/core.rs:8:13
[INFO] [stdout]   |
[INFO] [stdout] 8 | use winapi::shared::guiddef::GUID;
[INFO] [stdout]   |             ^^^^^^ could not find `shared` in `winapi`
[INFO] [stdout] 
[INFO] [stdout] 
[INFO] [stdout] error[E0433]: failed to resolve: could not find `shared` in `winapi`
[INFO] [stdout]  --> src/soundcore/consts.rs:5:13
[INFO] [stdout]   |
[INFO] [stdout] 5 | use winapi::shared::wtypes::PROPERTYKEY;
[INFO] [stdout]   |             ^^^^^^ could not find `shared` in `winapi`
[INFO] [stdout] 
[INFO] [stdout] 
[INFO] [stdout] error[E0433]: failed to resolve: could not find `um` in `winapi`
[INFO] [stdout]  --> src/soundcore/core.rs:9:13
[INFO] [stdout]   |
[INFO] [stdout] 9 | use winapi::um::combaseapi::{CoCreateInstance, CLSCTX_ALL};
[INFO] [stdout]   |             ^^ could not find `um` in `winapi`
[INFO] [stdout] 
[INFO] [stdout] 
[INFO] [stdout] error[E0433]: failed to resolve: could not find `windows` in `os`
[INFO] [stdout]  --> src/soundcore/core.rs:3:14
[INFO] [stdout]   |
[INFO] [stdout] 3 | use std::os::windows::ffi::OsStrExt;
[INFO] [stdout]   |              ^^^^^^^ could not find `windows` in `os`
[INFO] [stdout] 
[INFO] [stdout] 
[INFO] [stdout] error[E0432]: unresolved import `winapi::Interface`
[INFO] [stdout]   --> src/media/mod.rs:41:5
[INFO] [stdout]    |
[INFO] [stdout] 41 | use winapi::Interface;
[INFO] [stdout]    |     ^^^^^^^^^^^^^^^^^ no `Interface` in the root
[INFO] [stdout] 
[INFO] [stdout] 
[INFO] [stdout] error[E0433]: failed to resolve: could not find `shared` in `winapi`
[INFO] [stdout]  --> src/soundcore/core.rs:8:13
[INFO] [stdout]   |
[INFO] [stdout] 8 | use winapi::shared::guiddef::GUID;
[INFO] [stdout]   |             ^^^^^^ could not find `shared` in `winapi`
[INFO] [stdout] 
[INFO] [stdout] 
[INFO] [stdout] error[E0433]: failed to resolve: could not find `shared` in `winapi`
[INFO] [stdout]   --> src/soundcore/event.rs:12:13
[INFO] [stdout]    |
[INFO] [stdout] 12 | use winapi::shared::winerror::E_ABORT;
[INFO] [stdout]    |             ^^^^^^ could not find `shared` in `winapi`
[INFO] [stdout] 
[INFO] [stdout] 
[INFO] [stdout] error[E0433]: failed to resolve: could not find `um` in `winapi`
[INFO] [stdout]  --> src/soundcore/core.rs:9:13
[INFO] [stdout]   |
[INFO] [stdout] 9 | use winapi::um::combaseapi::{CoCreateInstance, CLSCTX_ALL};
[INFO] [stdout]   |             ^^ could not find `um` in `winapi`
[INFO] [stdout] 
[INFO] [stdout] 
[INFO] [stdout] error[E0433]: failed to resolve: could not find `shared` in `winapi`
[INFO] [stdout]  --> src/soundcore/feature_iterator.rs:5:13
[INFO] [stdout]   |
[INFO] [stdout] 5 | use winapi::shared::winerror::E_FAIL;
[INFO] [stdout]   |             ^^^^^^ could not find `shared` in `winapi`
[INFO] [stdout] 
[INFO] [stdout] 
[INFO] [stdout] error[E0433]: failed to resolve: could not find `shared` in `winapi`
[INFO] [stdout]  --> src/soundcore/parameter.rs:6:13
[INFO] [stdout]   |
[INFO] [stdout] 6 | use winapi::shared::winerror::E_ACCESSDENIED;
[INFO] [stdout]   |             ^^^^^^ could not find `shared` in `winapi`
[INFO] [stdout] 
[INFO] [stdout] 
[INFO] [stdout] error[E0433]: failed to resolve: could not find `shared` in `winapi`
[INFO] [stdout]  --> src/soundcore/parameter_iterator.rs:5:13
[INFO] [stdout]   |
[INFO] [stdout] 5 | use winapi::shared::winerror::E_FAIL;
[INFO] [stdout]   |             ^^^^^^ could not find `shared` in `winapi`
[INFO] [stdout] 
[INFO] [stdout] 
[INFO] [stdout] error[E0433]: failed to resolve: could not find `shared` in `winapi`
[INFO] [stdout]  --> src/winapiext.rs:5:13
[INFO] [stdout]   |
[INFO] [stdout] 5 | use winapi::shared::wtypes::PROPERTYKEY;
[INFO] [stdout]   |             ^^^^^^ could not find `shared` in `winapi`
[INFO] [stdout] 
[INFO] [stdout] 
[INFO] [stdout] error[E0432]: unresolved import `winapi::Interface`
[INFO] [stdout]   --> src/media/mod.rs:41:5
[INFO] [stdout]    |
[INFO] [stdout] 41 | use winapi::Interface;
[INFO] [stdout]    |     ^^^^^^^^^^^^^^^^^ no `Interface` in the root
[INFO] [stdout] 
[INFO] [stdout] 
[INFO] [stdout] error[E0432]: unresolved import `winapi::Interface`
[INFO] [stdout]   --> src/soundcore/core.rs:10:5
[INFO] [stdout]    |
[INFO] [stdout] 10 | use winapi::Interface;
[INFO] [stdout]    |     ^^^^^^^^^^^^^^^^^ no `Interface` in the root
[INFO] [stdout] 
[INFO] [stdout] 
[INFO] [stdout] error[E0433]: failed to resolve: could not find `shared` in `winapi`
[INFO] [stdout]   --> src/soundcore/event.rs:12:13
[INFO] [stdout]    |
[INFO] [stdout] 12 | use winapi::shared::winerror::E_ABORT;
[INFO] [stdout]    |             ^^^^^^ could not find `shared` in `winapi`
[INFO] [stdout] 
[INFO] [stdout] 
[INFO] [stdout] error[E0433]: failed to resolve: could not find `shared` in `winapi`
[INFO] [stdout]  --> src/soundcore/feature_iterator.rs:5:13
[INFO] [stdout]   |
[INFO] [stdout] 5 | use winapi::shared::winerror::E_FAIL;
[INFO] [stdout]   |             ^^^^^^ could not find `shared` in `winapi`
[INFO] [stdout] 
[INFO] [stdout] 
[INFO] [stdout] error[E0433]: failed to resolve: could not find `shared` in `winapi`
[INFO] [stdout]  --> src/soundcore/parameter.rs:6:13
[INFO] [stdout]   |
[INFO] [stdout] 6 | use winapi::shared::winerror::E_ACCESSDENIED;
[INFO] [stdout]   |             ^^^^^^ could not find `shared` in `winapi`
[INFO] [stdout] 
[INFO] [stdout] 
[INFO] [stdout] error[E0433]: failed to resolve: could not find `shared` in `winapi`
[INFO] [stdout]  --> src/soundcore/parameter_iterator.rs:5:13
[INFO] [stdout]   |
[INFO] [stdout] 5 | use winapi::shared::winerror::E_FAIL;
[INFO] [stdout]   |             ^^^^^^ could not find `shared` in `winapi`
[INFO] [stdout] 
[INFO] [stdout] 
[INFO] [stdout] error[E0433]: failed to resolve: could not find `shared` in `winapi`
[INFO] [stdout]  --> src/winapiext.rs:5:13
[INFO] [stdout]   |
[INFO] [stdout] 5 | use winapi::shared::wtypes::PROPERTYKEY;
[INFO] [stdout]   |             ^^^^^^ could not find `shared` in `winapi`
[INFO] [stdout] 
[INFO] [stdout] 
[INFO] [stdout] error[E0432]: unresolved import `winapi::Interface`
[INFO] [stdout]   --> src/soundcore/core.rs:10:5
[INFO] [stdout]    |
[INFO] [stdout] 10 | use winapi::Interface;
[INFO] [stdout]    |     ^^^^^^^^^^^^^^^^^ no `Interface` in the root
[INFO] [stdout] 
[INFO] [stdout] 
[INFO] [stdout] error[E0432]: unresolved imports `crate::soundcore::PKEY_SOUNDCORECTL_CLSID_AE5`, `crate::soundcore::PKEY_SOUNDCORECTL_CLSID_Z`
[INFO] [stdout]   --> src/media/mod.rs:48:40
[INFO] [stdout]    |
[INFO] [stdout] 48 | use crate::soundcore::{SoundCoreError, PKEY_SOUNDCORECTL_CLSID_AE5, PKEY_SOUNDCORECTL_CLSID_Z};
[INFO] [stdout]    |                                        ^^^^^^^^^^^^^^^^^^^^^^^^^^^  ^^^^^^^^^^^^^^^^^^^^^^^^^ no `PKEY_SOUNDCORECTL_CLSID_Z` in `soundcore`
[INFO] [stdout]    |                                        |
[INFO] [stdout]    |                                        no `PKEY_SOUNDCORECTL_CLSID_AE5` in `soundcore`
[INFO] [stdout] 
[INFO] [stdout] 
[INFO] [stdout] error[E0432]: unresolved imports `crate::soundcore::PKEY_SOUNDCORECTL_CLSID_AE5`, `crate::soundcore::PKEY_SOUNDCORECTL_CLSID_Z`
[INFO] [stdout]   --> src/media/mod.rs:48:40
[INFO] [stdout]    |
[INFO] [stdout] 48 | use crate::soundcore::{SoundCoreError, PKEY_SOUNDCORECTL_CLSID_AE5, PKEY_SOUNDCORECTL_CLSID_Z};
[INFO] [stdout]    |                                        ^^^^^^^^^^^^^^^^^^^^^^^^^^^  ^^^^^^^^^^^^^^^^^^^^^^^^^ no `PKEY_SOUNDCORECTL_CLSID_Z` in `soundcore`
[INFO] [stdout]    |                                        |
[INFO] [stdout]    |                                        no `PKEY_SOUNDCORECTL_CLSID_AE5` in `soundcore`
[INFO] [stdout] 
[INFO] [stdout] 
[INFO] [stdout] error[E0432]: unresolved imports `crate::winapiext::PKEY_DeviceInterface_FriendlyName`, `crate::winapiext::PKEY_Device_DeviceDesc`
[INFO] [stdout]   --> src/media/mod.rs:49:24
[INFO] [stdout]    |
[INFO] [stdout] 49 | use crate::winapiext::{PKEY_DeviceInterface_FriendlyName, PKEY_Device_DeviceDesc};
[INFO] [stdout]    |                        ^^^^^^^^^^^^^^^^^^^^^^^^^^^^^^^^^  ^^^^^^^^^^^^^^^^^^^^^^ no `PKEY_Device_DeviceDesc` in `winapiext`
[INFO] [stdout]    |                        |
[INFO] [stdout]    |                        no `PKEY_DeviceInterface_FriendlyName` in `winapiext`
[INFO] [stdout] 
[INFO] [stdout] 
[INFO] [stdout] error[E0432]: unresolved imports `crate::winapiext::PKEY_DeviceInterface_FriendlyName`, `crate::winapiext::PKEY_Device_DeviceDesc`
[INFO] [stdout]   --> src/media/mod.rs:49:24
[INFO] [stdout]    |
[INFO] [stdout] 49 | use crate::winapiext::{PKEY_DeviceInterface_FriendlyName, PKEY_Device_DeviceDesc};
[INFO] [stdout]    |                        ^^^^^^^^^^^^^^^^^^^^^^^^^^^^^^^^^  ^^^^^^^^^^^^^^^^^^^^^^ no `PKEY_Device_DeviceDesc` in `winapiext`
[INFO] [stdout]    |                        |
[INFO] [stdout]    |                        no `PKEY_DeviceInterface_FriendlyName` in `winapiext`
[INFO] [stdout] 
[INFO] [stdout] 
[INFO] [stdout] error[E0432]: unresolved imports `crate::ctsndcr::IEventNotify`, `crate::ctsndcr::ISoundCore`
[INFO] [stdout]   --> src/soundcore/core.rs:13:36
[INFO] [stdout]    |
[INFO] [stdout] 13 | use crate::ctsndcr::{HardwareInfo, IEventNotify, ISoundCore};
[INFO] [stdout]    |                                    ^^^^^^^^^^^^  ^^^^^^^^^^ no `ISoundCore` in `ctsndcr`
[INFO] [stdout]    |                                    |
[INFO] [stdout]    |                                    no `IEventNotify` in `ctsndcr`
[INFO] [stdout] 
[INFO] [stdout] 
[INFO] [stdout] error[E0432]: unresolved imports `crate::ctsndcr::IEventNotify`, `crate::ctsndcr::ISoundCore`
[INFO] [stdout]   --> src/soundcore/core.rs:13:36
[INFO] [stdout]    |
[INFO] [stdout] 13 | use crate::ctsndcr::{HardwareInfo, IEventNotify, ISoundCore};
[INFO] [stdout]    |                                    ^^^^^^^^^^^^  ^^^^^^^^^^ no `ISoundCore` in `ctsndcr`
[INFO] [stdout]    |                                    |
[INFO] [stdout]    |                                    no `IEventNotify` in `ctsndcr`
[INFO] [stdout] 
[INFO] [stdout] 
[INFO] [stdout] error[E0432]: unresolved imports `crate::ctsndcr::ICallback`, `crate::ctsndcr::IEventNotify`, `crate::ctsndcr::ISoundCore`
[INFO] [stdout]   --> src/soundcore/event.rs:16:33
[INFO] [stdout]    |
[INFO] [stdout] 16 | use crate::ctsndcr::{EventInfo, ICallback, IEventNotify, ISoundCore, Param};
[INFO] [stdout]    |                                 ^^^^^^^^^  ^^^^^^^^^^^^  ^^^^^^^^^^ no `ISoundCore` in `ctsndcr`
[INFO] [stdout]    |                                 |          |
[INFO] [stdout]    |                                 |          no `IEventNotify` in `ctsndcr`
[INFO] [stdout]    |                                 no `ICallback` in `ctsndcr`
[INFO] [stdout]    |                                 help: a similar name exists in the module: `Callback`
[INFO] [stdout] 
[INFO] [stdout] 
[INFO] [stdout] error[E0432]: unresolved import `crate::ctsndcr::ISoundCore`
[INFO] [stdout]  --> src/soundcore/feature.rs:6:35
[INFO] [stdout]   |
[INFO] [stdout] 6 | use crate::ctsndcr::{FeatureInfo, ISoundCore};
[INFO] [stdout]   |                                   ^^^^^^^^^^ no `ISoundCore` in `ctsndcr`
[INFO] [stdout] 
[INFO] [stdout] 
[INFO] [stdout] error[E0432]: unresolved import `crate::ctsndcr::ISoundCore`
[INFO] [stdout]  --> src/soundcore/feature_iterator.rs:8:35
[INFO] [stdout]   |
[INFO] [stdout] 8 | use crate::ctsndcr::{FeatureInfo, ISoundCore};
[INFO] [stdout]   |                                   ^^^^^^^^^^ no `ISoundCore` in `ctsndcr`
[INFO] [stdout] 
[INFO] [stdout] 
[INFO] [stdout] error[E0432]: unresolved import `crate::ctsndcr::ISoundCore`
[INFO] [stdout]  --> src/soundcore/parameter.rs:9:22
[INFO] [stdout]   |
[INFO] [stdout] 9 | use crate::ctsndcr::{ISoundCore, Param, ParamInfo, ParamValue};
[INFO] [stdout]   |                      ^^^^^^^^^^ no `ISoundCore` in `ctsndcr`
[INFO] [stdout] 
[INFO] [stdout] 
[INFO] [stdout] error[E0432]: unresolved import `crate::ctsndcr::ISoundCore`
[INFO] [stdout]  --> src/soundcore/parameter_iterator.rs:8:22
[INFO] [stdout]   |
[INFO] [stdout] 8 | use crate::ctsndcr::{ISoundCore, ParamInfo};
[INFO] [stdout]   |                      ^^^^^^^^^^ no `ISoundCore` in `ctsndcr`
[INFO] [stdout] 
[INFO] [stdout] 
[INFO] [stdout] error: cannot find macro `RIDL` in this scope
[INFO] [stdout]   --> src/ctsndcr.rs:23:1
[INFO] [stdout]    |
[INFO] [stdout] 23 | RIDL! {#[uuid(0x6111e7c4, 0x3ea4, 0x47ed, 0xb0, 0x74, 0xc6, 0x38, 0x87, 0x52, 0x82, 0xc4)]
[INFO] [stdout]    | ^^^^
[INFO] [stdout] 
[INFO] [stdout] 
[INFO] [stdout] error[E0432]: unresolved imports `crate::ctsndcr::ICallback`, `crate::ctsndcr::IEventNotify`, `crate::ctsndcr::ISoundCore`
[INFO] [stdout]   --> src/soundcore/event.rs:16:33
[INFO] [stdout]    |
[INFO] [stdout] 16 | use crate::ctsndcr::{EventInfo, ICallback, IEventNotify, ISoundCore, Param};
[INFO] [stdout]    |                                 ^^^^^^^^^  ^^^^^^^^^^^^  ^^^^^^^^^^ no `ISoundCore` in `ctsndcr`
[INFO] [stdout]    |                                 |          |
[INFO] [stdout]    |                                 |          no `IEventNotify` in `ctsndcr`
[INFO] [stdout]    |                                 no `ICallback` in `ctsndcr`
[INFO] [stdout]    |                                 help: a similar name exists in the module: `Callback`
[INFO] [stdout] 
[INFO] [stdout] 
[INFO] [stdout] error: cannot find macro `RIDL` in this scope
[INFO] [stdout]    --> src/ctsndcr.rs:148:1
[INFO] [stdout]     |
[INFO] [stdout] 148 | RIDL! {#[uuid(0xf6cb394a, 0xa680, 0x45c0, 0xac, 0xd2, 0xf0, 0x59, 0x56, 0x26, 0xa3, 0xfd)]
[INFO] [stdout]     | ^^^^
[INFO] [stdout] 
[INFO] [stdout] 
[INFO] [stdout] error[E0432]: unresolved import `crate::ctsndcr::ISoundCore`
[INFO] [stdout]  --> src/soundcore/feature.rs:6:35
[INFO] [stdout]   |
[INFO] [stdout] 6 | use crate::ctsndcr::{FeatureInfo, ISoundCore};
[INFO] [stdout]   |                                   ^^^^^^^^^^ no `ISoundCore` in `ctsndcr`
[INFO] [stdout] 
[INFO] [stdout] 
[INFO] [stdout] error[E0432]: unresolved import `crate::ctsndcr::ISoundCore`
[INFO] [stdout]  --> src/soundcore/feature_iterator.rs:8:35
[INFO] [stdout]   |
[INFO] [stdout] 8 | use crate::ctsndcr::{FeatureInfo, ISoundCore};
[INFO] [stdout]   |                                   ^^^^^^^^^^ no `ISoundCore` in `ctsndcr`
[INFO] [stdout] 
[INFO] [stdout] 
[INFO] [stdout] error: cannot find macro `RIDL` in this scope
[INFO] [stdout]    --> src/ctsndcr.rs:157:1
[INFO] [stdout]     |
[INFO] [stdout] 157 | RIDL! {#[uuid(0xb353c442, 0xc49d, 0x4532, 0x9e, 0x3a, 0x1b, 0x20, 0xa1, 0x82, 0xfd, 0x00)]
[INFO] [stdout]     | ^^^^
[INFO] [stdout] 
[INFO] [stdout] 
[INFO] [stdout] error[E0432]: unresolved import `crate::ctsndcr::ISoundCore`
[INFO] [stdout]  --> src/soundcore/parameter.rs:9:22
[INFO] [stdout]   |
[INFO] [stdout] 9 | use crate::ctsndcr::{ISoundCore, Param, ParamInfo, ParamValue};
[INFO] [stdout]   |                      ^^^^^^^^^^ no `ISoundCore` in `ctsndcr`
[INFO] [stdout] 
[INFO] [stdout] 
[INFO] [stdout] error[E0432]: unresolved import `crate::ctsndcr::ISoundCore`
[INFO] [stdout]  --> src/soundcore/parameter_iterator.rs:8:22
[INFO] [stdout]   |
[INFO] [stdout] 8 | use crate::ctsndcr::{ISoundCore, ParamInfo};
[INFO] [stdout]   |                      ^^^^^^^^^^ no `ISoundCore` in `ctsndcr`
[INFO] [stdout] 
[INFO] [stdout] 
[INFO] [stdout] error: cannot find macro `DEFINE_PROPERTYKEY` in this scope
[INFO] [stdout]  --> src/soundcore/consts.rs:7:1
[INFO] [stdout]   |
[INFO] [stdout] 7 | DEFINE_PROPERTYKEY! {PKEY_SOUNDCORECTL_CLSID_Z,
[INFO] [stdout]   | ^^^^^^^^^^^^^^^^^^
[INFO] [stdout] 
[INFO] [stdout] 
[INFO] [stdout] error: cannot find macro `DEFINE_PROPERTYKEY` in this scope
[INFO] [stdout]   --> src/soundcore/consts.rs:10:1
[INFO] [stdout]    |
[INFO] [stdout] 10 | DEFINE_PROPERTYKEY! {PKEY_SOUNDCORECTL_CLSID_AE5,
[INFO] [stdout]    | ^^^^^^^^^^^^^^^^^^
[INFO] [stdout] 
[INFO] [stdout] 
[INFO] [stdout] error: cannot find macro `RIDL` in this scope
[INFO] [stdout]   --> src/ctsndcr.rs:23:1
[INFO] [stdout]    |
[INFO] [stdout] 23 | RIDL! {#[uuid(0x6111e7c4, 0x3ea4, 0x47ed, 0xb0, 0x74, 0xc6, 0x38, 0x87, 0x52, 0x82, 0xc4)]
[INFO] [stdout]    | ^^^^
[INFO] [stdout] 
[INFO] [stdout] 
[INFO] [stdout] error: cannot find macro `DEFINE_PROPERTYKEY` in this scope
[INFO] [stdout]  --> src/winapiext.rs:7:1
[INFO] [stdout]   |
[INFO] [stdout] 7 | DEFINE_PROPERTYKEY! {PKEY_DeviceInterface_FriendlyName,
[INFO] [stdout]   | ^^^^^^^^^^^^^^^^^^
[INFO] [stdout] 
[INFO] [stdout] 
[INFO] [stdout] error: cannot find macro `RIDL` in this scope
[INFO] [stdout]    --> src/ctsndcr.rs:148:1
[INFO] [stdout]     |
[INFO] [stdout] 148 | RIDL! {#[uuid(0xf6cb394a, 0xa680, 0x45c0, 0xac, 0xd2, 0xf0, 0x59, 0x56, 0x26, 0xa3, 0xfd)]
[INFO] [stdout]     | ^^^^
[INFO] [stdout] 
[INFO] [stdout] 
[INFO] [stdout] error: cannot find macro `DEFINE_PROPERTYKEY` in this scope
[INFO] [stdout]   --> src/winapiext.rs:10:1
[INFO] [stdout]    |
[INFO] [stdout] 10 | DEFINE_PROPERTYKEY! {PKEY_Device_DeviceDesc,
[INFO] [stdout]    | ^^^^^^^^^^^^^^^^^^
[INFO] [stdout] 
[INFO] [stdout] 
[INFO] [stdout] error: cannot find macro `RIDL` in this scope
[INFO] [stdout]    --> src/ctsndcr.rs:157:1
[INFO] [stdout]     |
[INFO] [stdout] 157 | RIDL! {#[uuid(0xb353c442, 0xc49d, 0x4532, 0x9e, 0x3a, 0x1b, 0x20, 0xa1, 0x82, 0xfd, 0x00)]
[INFO] [stdout]     | ^^^^
[INFO] [stdout] 
[INFO] [stdout] 
[INFO] [stdout] error: cannot find macro `DEFINE_PROPERTYKEY` in this scope
[INFO] [stdout]  --> src/soundcore/consts.rs:7:1
[INFO] [stdout]   |
[INFO] [stdout] 7 | DEFINE_PROPERTYKEY! {PKEY_SOUNDCORECTL_CLSID_Z,
[INFO] [stdout]   | ^^^^^^^^^^^^^^^^^^
[INFO] [stdout] 
[INFO] [stdout] 
[INFO] [stdout] error: cannot find macro `DEFINE_PROPERTYKEY` in this scope
[INFO] [stdout]   --> src/soundcore/consts.rs:10:1
[INFO] [stdout]    |
[INFO] [stdout] 10 | DEFINE_PROPERTYKEY! {PKEY_SOUNDCORECTL_CLSID_AE5,
[INFO] [stdout]    | ^^^^^^^^^^^^^^^^^^
[INFO] [stdout] 
[INFO] [stdout] 
[INFO] [stdout] error: cannot find macro `DEFINE_PROPERTYKEY` in this scope
[INFO] [stdout]  --> src/winapiext.rs:7:1
[INFO] [stdout]   |
[INFO] [stdout] 7 | DEFINE_PROPERTYKEY! {PKEY_DeviceInterface_FriendlyName,
[INFO] [stdout]   | ^^^^^^^^^^^^^^^^^^
[INFO] [stdout] 
[INFO] [stdout] 
[INFO] [stdout] error: cannot find macro `DEFINE_PROPERTYKEY` in this scope
[INFO] [stdout]   --> src/winapiext.rs:10:1
[INFO] [stdout]    |
[INFO] [stdout] 10 | DEFINE_PROPERTYKEY! {PKEY_Device_DeviceDesc,
[INFO] [stdout]    | ^^^^^^^^^^^^^^^^^^
[INFO] [stdout] 
[INFO] [stdout] 
[INFO] [stdout] error[E0412]: cannot find type `ICallbackVtbl` in this scope
[INFO] [stdout]    --> src/ctsndcr.rs:178:18
[INFO] [stdout]     |
[INFO] [stdout] 178 |     lpVtbl: *mut ICallbackVtbl,
[INFO] [stdout]     |                  ^^^^^^^^^^^^^ not found in this scope
[INFO] [stdout] 
[INFO] [stdout] 
[INFO] [stdout] error[E0412]: cannot find type `ICallbackVtbl` in this scope
[INFO] [stdout]    --> src/ctsndcr.rs:179:11
[INFO] [stdout]     |
[INFO] [stdout] 179 |     vtbl: ICallbackVtbl,
[INFO] [stdout]     |           ^^^^^^^^^^^^^ not found in this scope
[INFO] [stdout] 
[INFO] [stdout] 
[INFO] [stdout] error[E0412]: cannot find type `ICallback` in this scope
[INFO] [stdout]    --> src/ctsndcr.rs:184:6
[INFO] [stdout]     |
[INFO] [stdout] 174 | / struct Callback<C>
[INFO] [stdout] 175 | | where
[INFO] [stdout] 176 | |     C: FnMut(&EventInfo) -> Result<(), Win32Error>,
[INFO] [stdout] 177 | | {
[INFO] [stdout] ...   |
[INFO] [stdout] 181 | |     callback: C,
[INFO] [stdout] 182 | | }
[INFO] [stdout]     | |_- similarly named struct `Callback` defined here
[INFO] [stdout] 183 |
[INFO] [stdout] 184 |   impl ICallback {
[INFO] [stdout]     |        ^^^^^^^^^ help: a struct with a similar name exists: `Callback`
[INFO] [stdout] 
[INFO] [stdout] 
[INFO] [stdout] error[E0422]: cannot find struct, variant or union type `ICallbackVtbl` in this scope
[INFO] [stdout]    --> src/ctsndcr.rs:202:19
[INFO] [stdout]     |
[INFO] [stdout] 202 |             vtbl: ICallbackVtbl {
[INFO] [stdout]     |                   ^^^^^^^^^^^^^ not found in this scope
[INFO] [stdout] 
[INFO] [stdout] 
[INFO] [stdout] error[E0412]: cannot find type `ICallback` in this scope
[INFO] [stdout]    --> src/ctsndcr.rs:303:16
[INFO] [stdout]     |
[INFO] [stdout] 174 | / struct Callback<C>
[INFO] [stdout] 175 | | where
[INFO] [stdout] 176 | |     C: FnMut(&EventInfo) -> Result<(), Win32Error>,
[INFO] [stdout] 177 | | {
[INFO] [stdout] ...   |
[INFO] [stdout] 181 | |     callback: C,
[INFO] [stdout] 182 | | }
[INFO] [stdout]     | |_- similarly named struct `Callback` defined here
[INFO] [stdout] ...
[INFO] [stdout] 303 |       this: *mut ICallback,
[INFO] [stdout]     |                  ^^^^^^^^^ help: a struct with a similar name exists: `Callback`
[INFO] [stdout] 
[INFO] [stdout] 
[INFO] [stdout] warning: unused `#[macro_use]` import
[INFO] [stdout]   --> src/lib.rs:13:1
[INFO] [stdout]    |
[INFO] [stdout] 13 | #[macro_use]
[INFO] [stdout]    | ^^^^^^^^^^^^
[INFO] [stdout]    |
[INFO] [stdout]    = note: `#[warn(unused_imports)]` on by default
[INFO] [stdout] 
[INFO] [stdout] 
[INFO] [stdout] error[E0412]: cannot find type `ICallbackVtbl` in this scope
[INFO] [stdout]    --> src/ctsndcr.rs:178:18
[INFO] [stdout]     |
[INFO] [stdout] 178 |     lpVtbl: *mut ICallbackVtbl,
[INFO] [stdout]     |                  ^^^^^^^^^^^^^ not found in this scope
[INFO] [stdout] 
[INFO] [stdout] 
[INFO] [stdout] error[E0412]: cannot find type `ICallbackVtbl` in this scope
[INFO] [stdout]    --> src/ctsndcr.rs:179:11
[INFO] [stdout]     |
[INFO] [stdout] 179 |     vtbl: ICallbackVtbl,
[INFO] [stdout]     |           ^^^^^^^^^^^^^ not found in this scope
[INFO] [stdout] 
[INFO] [stdout] 
[INFO] [stdout] error[E0412]: cannot find type `ICallback` in this scope
[INFO] [stdout]    --> src/ctsndcr.rs:184:6
[INFO] [stdout]     |
[INFO] [stdout] 174 | / struct Callback<C>
[INFO] [stdout] 175 | | where
[INFO] [stdout] 176 | |     C: FnMut(&EventInfo) -> Result<(), Win32Error>,
[INFO] [stdout] 177 | | {
[INFO] [stdout] ...   |
[INFO] [stdout] 181 | |     callback: C,
[INFO] [stdout] 182 | | }
[INFO] [stdout]     | |_- similarly named struct `Callback` defined here
[INFO] [stdout] 183 |
[INFO] [stdout] 184 |   impl ICallback {
[INFO] [stdout]     |        ^^^^^^^^^ help: a struct with a similar name exists: `Callback`
[INFO] [stdout] 
[INFO] [stdout] 
[INFO] [stdout] error[E0422]: cannot find struct, variant or union type `ICallbackVtbl` in this scope
[INFO] [stdout]    --> src/ctsndcr.rs:202:19
[INFO] [stdout]     |
[INFO] [stdout] 202 |             vtbl: ICallbackVtbl {
[INFO] [stdout]     |                   ^^^^^^^^^^^^^ not found in this scope
[INFO] [stdout] 
[INFO] [stdout] 
[INFO] [stdout] error[E0412]: cannot find type `ICallback` in this scope
[INFO] [stdout]    --> src/ctsndcr.rs:303:16
[INFO] [stdout]     |
[INFO] [stdout] 174 | / struct Callback<C>
[INFO] [stdout] 175 | | where
[INFO] [stdout] 176 | |     C: FnMut(&EventInfo) -> Result<(), Win32Error>,
[INFO] [stdout] 177 | | {
[INFO] [stdout] ...   |
[INFO] [stdout] 181 | |     callback: C,
[INFO] [stdout] 182 | | }
[INFO] [stdout]     | |_- similarly named struct `Callback` defined here
[INFO] [stdout] ...
[INFO] [stdout] 303 |       this: *mut ICallback,
[INFO] [stdout]     |                  ^^^^^^^^^ help: a struct with a similar name exists: `Callback`
[INFO] [stdout] 
[INFO] [stdout] 
[INFO] [stdout] warning: unused `#[macro_use]` import
[INFO] [stdout]   --> src/lib.rs:13:1
[INFO] [stdout]    |
[INFO] [stdout] 13 | #[macro_use]
[INFO] [stdout]    | ^^^^^^^^^^^^
[INFO] [stdout]    |
[INFO] [stdout]    = note: `#[warn(unused_imports)]` on by default
[INFO] [stdout] 
[INFO] [stdout] 
[INFO] [stdout] error[E0433]: failed to resolve: use of undeclared type `ICallback`
[INFO] [stdout]    --> src/ctsndcr.rs:257:69
[INFO] [stdout]     |
[INFO] [stdout] 257 |         if IsEqualIID(iid, &IUnknown::uuidof()) || IsEqualIID(iid, &ICallback::uuidof()) {
[INFO] [stdout]     |                                                                     ^^^^^^^^^
[INFO] [stdout]     |                                                                     |
[INFO] [stdout]     |                                                                     use of undeclared type `ICallback`
[INFO] [stdout]     |                                                                     help: a struct with a similar name exists: `Callback`
[INFO] [stdout] 
[INFO] [stdout] 
[INFO] [stdout] error: aborting due to 71 previous errors; 1 warning emitted
[INFO] [stdout] 
[INFO] [stdout] 
[INFO] [stdout] Some errors have detailed explanations: E0412, E0422, E0432, E0433.
[INFO] [stdout] 
[INFO] [stdout] For more information about an error, try `rustc --explain E0412`.
[INFO] [stdout] 
[INFO] [stderr] error: could not compile `sbz-switch` (lib test) due to 72 previous errors; 1 warning emitted
[INFO] [stderr] warning: build failed, waiting for other jobs to finish...
[INFO] [stdout] error[E0433]: failed to resolve: use of undeclared type `ICallback`
[INFO] [stdout]    --> src/ctsndcr.rs:257:69
[INFO] [stdout]     |
[INFO] [stdout] 257 |         if IsEqualIID(iid, &IUnknown::uuidof()) || IsEqualIID(iid, &ICallback::uuidof()) {
[INFO] [stdout]     |                                                                     ^^^^^^^^^
[INFO] [stdout]     |                                                                     |
[INFO] [stdout]     |                                                                     use of undeclared type `ICallback`
[INFO] [stdout]     |                                                                     help: a struct with a similar name exists: `Callback`
[INFO] [stdout] 
[INFO] [stdout] 
[INFO] [stdout] error: aborting due to 71 previous errors; 1 warning emitted
[INFO] [stdout] 
[INFO] [stdout] 
[INFO] [stdout] Some errors have detailed explanations: E0412, E0422, E0432, E0433.
[INFO] [stdout] 
[INFO] [stdout] For more information about an error, try `rustc --explain E0412`.
[INFO] [stdout] 
[INFO] [stderr] error: could not compile `sbz-switch` (lib) due to 72 previous errors; 1 warning emitted
[INFO] running `Command { std: "docker" "inspect" "0a81424db99538fc4ada2965de3ec79243293c28ba37774c2943b1a45bceb5eb", kill_on_drop: false }`
[INFO] running `Command { std: "docker" "rm" "-f" "0a81424db99538fc4ada2965de3ec79243293c28ba37774c2943b1a45bceb5eb", kill_on_drop: false }`
[INFO] [stdout] 0a81424db99538fc4ada2965de3ec79243293c28ba37774c2943b1a45bceb5eb
